ctor of 50 and i?
10
Let d = 372 - 359. Calculate the highest common factor of d and 611.
13
Let y be (-4 + -26)*6/(-9). What is the greatest common divisor of y and 1010?
10
Suppose 4*j - 20 = -4*z, -2*z = -1 - 1. Let h be 1 - (-4)/8*j. Suppose -h*t + 114 - 15 = 0. Calculate the greatest common factor of t and 22.
11
Let y(i) = i**3 - i**2 + 5. Let b be y(0). Suppose -11*u + 8 = -7*u, 5*u = b*d - 20. Calculate the highest common divisor of d and 24.
6
Let c be (-6650)/21*(-9)/6. Calculate the greatest common divisor of 25 and c.
25
Let u = -8 + 12. Suppose 2*z - 6 = 5*k - z, -k = 2*z - u. Suppose k = -5*o - 0*o + 40. Calculate the highest common factor of 20 and o.
4
Let c be (-1 + -2)*9*1. Let d = 127 - c. Calculate the greatest common divisor of 14 and d.
14
Suppose s = 2*w - 3*s + 26, w + 4*s - 17 = 0. Let v be (-401)/(-2) - w/(-6). Calculate the greatest common factor of v and 80.
40
Let f be (-11 + 9)*(-59 - -6). Calculate the highest common factor of f and 318.
106
Let t be -4*5/25 + (-1736)/(-20). What is the highest common divisor of t and 2?
2
Let i(f) = 7*f**2 + f. Let x be i(5). Suppose -2*s + 20 - 16 = 0. Let g be s/((-6)/(-69)) - (0 - -3). Calculate the greatest common factor of x and g.
20
Suppose 2*f + l - 352 = 0, -3*f + 4*l = -5*f + 352. What is the highest common factor of f and 64?
16
Let j be 26 - (2 + 3*-1). Suppose -15*d + 216 = -3*d. Calculate the greatest common divisor of j and d.
9
Let o = 266 - 172. Let n = o + -93. Calculate the highest common divisor of 4 and n.
1
Suppose 7*n = 9*n, -5*n - 80 = -5*u. Let o = 56 + -40. What is the greatest common divisor of u and o?
16
Suppose -o = 2*x - 112, -5*o - 112 = -6*o - 4*x. Calculate the greatest common divisor of 16 and o.
16
Let y(r) = r**3 + 2*r**2 - 5*r - 1. Let b be y(-3). Calculate the greatest common divisor of 5 and b.
5
Suppose -35 = -5*a - 15. Let h be (-25 + -2 + 3)*-1. Suppose a*b - 28 = h. What is the highest common factor of 65 and b?
13
Let r(k) = 13*k**3 - 4*k**2 + 2*k + 1. Let m be r(2). Let t = m - 58. Calculate the greatest common factor of t and 7.
7
Let j be (1 - (-7 - -2)) + -3. What is the greatest common divisor of j and 30?
3
Let k(p) = 16*p**2 + p - 3. Suppose 2*f - 3*l - 15 = 0, -4*f - l + 0*l = -9. Let d be k(f). Calculate the greatest common factor of d and 16.
16
Suppose 12 = 3*u + 2*t, 0 = 3*u - 8*u + 3*t + 39. Calculate the greatest common factor of u and 762.
6
Let d = 774 - 736. What is the greatest common factor of 95 and d?
19
Let u be (-16)/44*(-198)/36. Calculate the greatest common divisor of u and 15.
1
Let d = 224 - -227. Let t = d - 262. Calculate the highest common factor of 21 and t.
21
Let x = -297 + 335. What is the greatest common divisor of 114 and x?
38
Let y = 76 - 41. Suppose 4*l = 7 + 21. What is the greatest common factor of y and l?
7
Suppose -4*y - 4*u + 47 = 15, 0 = 3*y - 5*u + 8. Suppose 0 = -0*h - y*h + 36. Suppose -5*w = -h*w + 72. What is the highest common factor of 12 and w?
6
Suppose z + 4*h = 36, 40*z + 28 = 41*z + 2*h. Let t = -23 - -11. Let c be (z/(-2))/(2/t). Calculate the greatest common divisor of c and 12.
12
Let z be 2/2 + -5 - (-21 + 4). What is the greatest common divisor of z and 91?
13
Let k be (6 + -1)*4*82/(-20). Let h = -42 - k. Calculate the highest common factor of h and 8.
8
Let y be 768/(-78) - (-2)/(-13). Let f be (30/20)/((-3)/(-4)). Let b = f - y. What is the highest common divisor of 3 and b?
3
Suppose -4*g - 4*g + 520 = 0. What is the highest common divisor of 117 and g?
13
Let r = -12 - -6. Let p be ((-46)/r)/((-19)/(-57)). What is the greatest common divisor of 207 and p?
23
Let z be 2/(-10) - (-393)/15. Suppose 360 - 9 = 9*g. Calculate the highest common factor of g and z.
13
Let c(n) = -n + 9. Let u be c(6). Suppose -5*t - d + 3*d + 15 = 0, -t + 3*d = -16. Suppose t = 4*q - u. Calculate the greatest common factor of q and 10.
1
Let v = 630 - 372. Calculate the greatest common divisor of v and 2451.
129
Let g(f) = -f**3 - 17*f**2 + 20*f + 45. Let b be g(-18). Let o be (0 + 18/(-5))*-5. Calculate the greatest common divisor of o and b.
9
Let q(k) = 22*k - 239. Let v be q(11). Suppose 7*z - 3*z - 12 = 0. Suppose v*y = z*i + 3, -3*y - 3*i = -i - 13. What is the highest common divisor of 3 and y?
3
Let i = -189 - -309. Let l be (-14)/(-4) - (-6)/12. Suppose r + 3 = 0, 4*q + l*r - 59 = -11. Calculate the highest common divisor of i and q.
15
Let m = -1852 - -1865. What is the greatest common divisor of m and 1?
1
Suppose 50*x = 53*x - 12, 0 = -2*s + 5*x + 86. Calculate the greatest common divisor of s and 1166.
53
Let z be 42/(-12)*(-24)/14. Calculate the greatest common factor of 12 and z.
6
Let w be (8/10)/(15/(7425/18)). Calculate the greatest common factor of 154 and w.
22
Let g be 3/12 + 3451/116. What is the greatest common factor of g and 260?
10
Suppose 0 = -r - 25*r + 624. What is the highest common divisor of 9 and r?
3
Suppose 7*z - 224 = 910. Suppose 6*v = 3*v + z. Suppose 426 - 156 = 2*w. Calculate the highest common divisor of v and w.
27
Let v = 2060 + -2037. Calculate the greatest common divisor of 46 and v.
23
Let u = 210 - 206. What is the greatest common factor of 4 and u?
4
Suppose v + 4 = 0, v = l + 8 - 53. What is the highest common factor of 1 and l?
1
Let r(j) = 14*j - 26. Let l be r(10). Suppose 3*g + h = 108, 3*g - 3*h + l = 6*g. Calculate the highest common divisor of 7 and g.
7
Suppose 15*a = 14*a - k + 25, 0 = a - 4*k - 5. What is the greatest common factor of 7 and a?
7
Let l be 747/3 + -8 + 3. What is the highest common divisor of 427 and l?
61
Let g(m) = -m**3 - 23*m**2 - 18*m - 273. Let p be g(-24). Calculate the highest common divisor of p and 15.
15
Let q(j) be the first derivative of -j**4/4 - 4*j**3 - j**2 + 15*j - 23. Let m be q(-12). Calculate the greatest common factor of 13 and m.
13
Suppose 5*t - 24 = 1. Suppose p = -o + t*p, 0 = -p + 2. What is the greatest common divisor of o and 56?
8
Suppose 1679 = 7*p + 1196. Calculate the highest common factor of p and 1863.
69
Suppose -2 = -7*x + 8*x. Let q be 3/x*(588/(-9) - 0). Calculate the highest common factor of q and 14.
14
Let v(w) = 6*w + 20. Let i(s) = s. Let f(g) = -5*i(g) + v(g). Let u be f(-9). Calculate the greatest common factor of u and 88.
11
Suppose -o - 9 + 5 = 0. Let f be -10*(0 - (o - -3)). Let h be 8/f*(5 + -35). Calculate the greatest common divisor of h and 12.
12
Let o be 5/(5/(-8)) + 73 + -38. Calculate the highest common divisor of o and 1161.
27
Let f(j) be the first derivative of 11*j**2/2 - 26*j - 10. Let z be f(6). What is the highest common divisor of z and 200?
40
Let r = 134 + 106. Suppose -64*a + r = -59*a. What is the greatest common divisor of 32 and a?
16
Let l(r) = -r - 1. Let d be l(2). Let m be d*3/(36/(-8)). Suppose -3*b + z + 7 + 26 = 0, m*z + 56 = 5*b. What is the greatest common divisor of 2 and b?
2
Suppose 9*s - 10*s + 92 = 0. Let c = 138 + -115. What is the highest common factor of c and s?
23
Let t = -154 + 294. Let h be (13 + -3)/(6/12). What is the highest common divisor of h and t?
20
Let n(b) = 40*b - 4. Let l be n(2). Suppose 2*r - 3*r - 11 = 0. Let a = r + 30. What is the highest common divisor of l and a?
19
Let a = -602 + 1131. Calculate the greatest common factor of a and 23.
23
Suppose 320*o + 1104 = 324*o. What is the highest common factor of 368 and o?
92
Let z = -43 - -43. Let j be z/1 + (4 - 6) + 4. What is the highest common factor of 32 and j?
2
Let d(z) be the third derivative of -1/12*z**4 - 1/6*z**3 + 0*z + 3/10*z**5 + 0 + 4*z**2. Let t be d(-1). Calculate the greatest common factor of t and 171.
19
Suppose -16*w = 4*k - 20*w - 1300, 5*w = -10. What is the greatest common divisor of 38 and k?
19
Suppose -2*x + 96 = 3*r, -191 = -5*r + x - 18. Calculate the highest common divisor of 1258 and r.
34
Let i(r) = 236*r + 30. Let b be i(1). What is the highest common factor of 56 and b?
14
Suppose 0 = -4*k - 4 + 288. Let c = -53 + k. Suppose -5*h + 13 + 17 = 0. Calculate the highest common divisor of c and h.
6
Suppose -2*l = k + 6, -4*k + l - 46 = -2*l. Let n be k/6 + 4/(-12). Let x be 2 - (-3 + 1)/n. What is the highest common factor of x and 3?
1
Let g = -246 + 398. Suppose 0 = 3*k + 4*c - 112, 5*c + g = 3*k + c. Calculate the greatest com